actors of 1473?
3, 491
List the prime factors of 430.
2, 5, 43
List the prime factors of 16476.
2, 3, 1373
List the prime factors of 8753.
8753
What are the prime factors of 1066?
2, 13, 41
List the prime factors of 1879.
1879
What are the prime factors of 2257?
37, 61
What are the prime factors of 573?
3, 191
What are the prime factors of 834?
2, 3, 139
What are the prime factors of 886?
2, 443
What are the prime factors of 1380?
2, 3, 5, 23
List the prime factors of 881.
881
What are the prime factors of 696?
2, 3, 29
List the prime factors of 1990.
2, 5, 199
List the prime factors of 792.
2, 3, 11
List the prime factors of 19758.
2, 3, 37, 89
What are the prime factors of 57942?
2, 3, 29, 37
What are the prime factors of 4340?
2, 5, 7, 31
List the prime factors of 949.
13, 73
What are the prime factors of 720?
2, 3, 5
List the prime factors of 1657.
1657
List the prime factors of 2843.
2843
List the prime factors of 12732.
2, 3, 1061
List the prime factors of 100445.
5, 20089
List the prime factors of 946.
2, 11, 43
List the prime factors of 970.
2, 5, 97
List the prime factors of 12518.
2, 11, 569
List the prime factors of 67536.
2, 3, 7, 67
What are the prime factors of 590?
2, 5, 59
What are the prime factors of 180?
2, 3, 5
What are the prime factors of 951?
3, 317
List the prime factors of 13303.
53, 251
What are the prime factors of 7740?
2, 3, 5, 43
List the prime factors of 598.
2, 13, 23
List the prime factors of 5985.
3, 5, 7, 19
List the prime factors of 189.
3, 7
What are the prime factors of 6174?
2, 3, 7
What are the prime factors of 55221?
3, 79, 233
What are the prime factors of 55035?
3, 5, 1223
What are the prime factors of 2079?
3, 7, 11
List the prime factors of 45677.
45677
What are the prime factors of 10695?
3, 5, 23, 31
List the prime factors of 7031.
79, 89
What are the prime factors of 4260?
2, 3, 5, 71
List the prime factors of 10726.
2, 31, 173
What are the prime factors of 148746?
2, 3, 13, 1907
List the prime factors of 69808.
2, 4363
What are the prime factors of 38234?
2, 7, 2731
List the prime factors of 7793.
7793
List the prime factors of 327.
3, 109
What are the prime factors of 5535?
3, 5, 41
What are the prime factors of 7832?
2, 11, 89
What are the prime factors of 8922?
2, 3, 1487
List the prime factors of 207268.
2, 51817
What are the prime factors of 8953?
7, 1279
List the prime factors of 780.
2, 3, 5, 13
What are the prime factors of 2972?
2, 743
What are the prime factors of 6223?
7, 127
List the prime factors of 2819.
2819
What are the prime factors of 3311?
7, 11, 43
List the prime factors of 1045.
5, 11, 19
What are the prime factors of 157?
157
List the prime factors of 74208.
2, 3, 773
What are the prime factors of 738?
2, 3, 41
List the prime factors of 8093.
8093
List the prime factors of 1877.
1877
List the prime factors of 699.
3, 233
List the prime factors of 135.
3, 5
What are the prime factors of 11542?
2, 29, 199
List the prime factors of 1824.
2, 3, 19
What are the prime factors of 64207?
11, 13, 449
List the prime factors of 402.
2, 3, 67
What are the prime factors of 36556?
2, 13, 19, 37
What are the prime factors of 8393?
7, 11, 109
List the prime factors of 32141.
32141
What are the prime factors of 72809?
11, 6619
List the prime factors of 4743.
3, 17, 31
List the prime factors of 2427.
3, 809
What are the prime factors of 4782?
2, 3, 797
What are the prime factors of 123921?
3, 7, 281
List the prime factors of 129645.
3, 5, 43, 67
What are the prime factors of 1880?
2, 5, 47
What are the prime factors of 2165?
5, 433
What are the prime factors of 4749?
3, 1583
What are the prime factors of 1729?
7, 13, 19
What are the prime factors of 8337?
3, 7, 397
What are the prime factors of 7447?
11, 677
What are the prime factors of 6274?
2, 3137
List the prime factors of 1126.
2, 563
What are the prime factors of 7606?
2, 3803
What are the prime factors of 4749?
3, 1583
List the prime factors of 17267.
31, 557
What are the prime factors of 2113?
2113
List the prime factors of 24526.
2, 12263
List the prime factors of 610.
2, 5, 61
What are the prime factors of 20338?
2, 10169
What are the prime factors of 8300?
2, 5, 83
List the prime factors of 9280.
2, 5, 29
What are the prime factors of 8735?
5, 1747
What are the prime factors of 21?
3, 7
What are the prime factors of 18233?
18233
List the prime factors of 68.
2, 17
What are the prime factors of 7459?
7459
What are the prime factors of 25977?
3, 7, 1237
What are the prime factors of 2733?
3, 911
What are the prime factors of 508?
2, 127
List the prime factors of 1072.
2, 67
What are the prime factors of 144859?
11, 13, 1013
What are the prime factors of 428?
2, 107
List the prime factors of 10893.
3, 3631
List the prime factors of 41612.
2, 101, 103
List the prime factors of 2538.
2, 3, 47
List the prime factors of 536.
2, 67
List the prime factors of 50775.
3, 5, 677
What are the prime factors of 4685?
5, 937
What are the prime factors of 42380?
2, 5, 13, 163
List the prime factors of 13968.
2, 3, 97
What are the prime factors of 334?
2, 167
List the prime factors of 4478.
2, 2239
What are the prime factors of 5557?
5557
What are the prime factors of 35332?
2, 11, 73
List the prime factors of 9856.
2, 7, 11
What are the prime factors of 475?
5, 19
What are the prime factors of 1919?
19, 101
What are the prime factors of 628?
2, 157
What are the prime factors of 302?
2, 151
What are the prime factors of 3565?
5, 23, 31
List the prime factors of 106662.
2, 3, 29, 613
List the prime factors of 58445.
5, 11689
List the prime factors of 5918.
2, 11, 269
What are the prime factors of 5210?
2, 5, 521
List the prime factors of 3110.
2, 5, 311
What are the prime factors of 1453?
1453
What are the prime factors of 40737?
3, 37, 367
What are the prime factors of 11125?
5, 89
List the prime factors of 1211.
7, 173
What are the prime factors of 14189?
7, 2027
List the prime factors of 11992.
2, 1499
What are the prime factors of 24512?
2, 383
List the prime factors of 2803.
2803
List the prime factors of 8593.
13, 661
List the prime factors of 915.
3, 5, 61
List the prime factors of 437.
19, 23
What are the prime factors of 804?
2, 3, 67
What are the prime factors of 59262?
2, 3, 7, 17, 83
What are the prime factors of 7803?
3, 17
List the prime factors of 1038.
2, 3, 173
List the prime factors of 5173.
7, 739
What are the prime factors of 1509?
3, 503
What are the prime factors of 20924?
2, 5231
What are the prime factors of 3666?
2, 3, 13, 47
What are the prime factors of 33956?
2, 13, 653
List the prime factors of 25935.
3, 5, 7, 13, 19
What are the prime factors of 339?
3, 113
What are the prime factors of 436?
2, 109
List the prime factors of 10671.
3, 3557
List the prime factors of 45.
3, 5
What are the prime factors of 4627?
7, 661
What are the prime factors of 105685?
5, 23, 919
What are the prime factors of 2103?
3, 701
List the prime factors of 16.
2
What are the prime factors of 1443?
3, 13, 37
List the prime factors of 35177.
29, 1213
List the prime factors of 65414.
2, 32707
List the prime factors of 891.
3, 11
What are the prime factors of 26313?
3, 7, 179
List the prime factors of 54993.
3, 23, 797
List the prime factors of 14046.
2, 3, 2341
What are the prime factors of 167864?
2, 20983
List the prime factors of 13651.
11, 17, 73
List the prime factors of 7389.
3, 821
List the prime factors of 1277.
1277
What are the prime factors of 3597?
3, 11, 109
What are the prime factors of 310?
2, 5, 31
List the prime factors of 562.
2, 281
What are the prime factors of 29911?
7, 4273
List the prime factors of 3082.
2, 23, 67
What are the prime factors of 2255?
5, 11, 41
What are the prime factors of 21967?
11, 1997
List the prime factors of 510.
2, 3, 5, 17
List the prime factors of 10876.
2, 2719
List the prime factors of 1711.
29, 59
What are the prime factors of 20842?
2, 17, 613
What are the prime factors of 1974?
2, 3, 7, 47
List the prime factors of 4518.
2, 3, 251
List the prime factors of 6007.
6007
What are the prime factors of 4974?
2, 3, 829
List the prime factors of 967.
967
List the prime factors of 1819.
17, 107
What are the prime factors of 2340?
2, 3, 5, 13
List the prime factors of 59198.
2, 29599
List the prime fac